74e5?
77513
In base 12, what is -2a - -37845?
37817
In base 2, what is -101110100011000 + 110010011100?
-101000001111100
In base 4, what is -103131332012210 + 3?
-103131332012201
In base 8, what is 1646436 - 2?
1646434
In base 7, what is 426234 + -524?
425410
In base 5, what is -143044012 - 123?
-143044140
In base 16, what is 1ae2 - -105f4?
120d6
In base 10, what is -1808 + 17021?
15213
In base 4, what is -3232 - 31322211213?
-31322221111
In base 13, what is -1 + -1bb9465?
-1bb9466
In base 5, what is 3113142 + 1033131?
4201323
In base 15, what is c - -2d57?
2d64
In base 11, what is -5337a + -167?
-53536
In base 13, what is 242 - -21023?
21265
In base 15, what is -1022d + 2c19?
-c514
In base 11, what is 3 - 1463538?
-1463535
In base 5, what is -1432320114210 + -2?
-1432320114212
In base 10, what is 1 + -2522386?
-2522385
In base 4, what is -10312222121 + -221?
-10312223002
In base 14, what is 2b6 + -5c865?
-5c58d
In base 5, what is 412 + 203314?
204231
In base 13, what is -821297 + -1a?
-8212b4
In base 7, what is -1044 + -10530146?
-10531223
In base 11, what is 6 + -1496708?
-1496702
In base 13, what is -1588 + -60ab?
-7666
In base 2, what is -101 + -101000000100100000111001010?
-101000000100100000111001111
In base 13, what is 8b39a6 - 3?
8b39a3
In base 2, what is 100011000101010111110 + 101?
100011000101011000011
In base 11, what is -309577 + -149?
-309715
In base 3, what is -10 + -2212221110112201?
-2212221110112211
In base 15, what is 0 - a1c7a0?
-a1c7a0
In base 12, what is 22b1 - 844?
1669
In base 14, what is 1 + 2cd269?
2cd26a
In base 13, what is 7a6 - 18b9?
-1113
In base 3, what is 110 + -2001021112110212?
-2001021112110102
In base 11, what is -949a + -814?
-a203
In base 7, what is 122431164 - -5?
122431202
In base 12, what is 533a261a - -5?
533a2623
In base 4, what is -1312121211 - 22?
-1312121233
In base 2, what is 10111100 + -101111011111001100?
-101111011100010000
In base 14, what is 2404094 + -3?
2404091
In base 11, what is 36 - -309064?
30909a
In base 12, what is 29a4719 + 1?
29a471a
In base 5, what is -112044014 - -10?
-112044004
In base 6, what is 1144310444 + 4?
1144310452
In base 10, what is -242 - 10592?
-10834
In base 9, what is 327 + 250011?
250338
In base 14, what is c - -14b7c653?
14b7c661
In base 15, what is a3 - -25aa6?
25b59
In base 12, what is 49a2368 - 2?
49a2366
In base 14, what is -c965492 - 5?
-c965497
In base 10, what is -12645767 + -2?
-12645769
In base 13, what is -3 - -3ca1a5?
3ca1a2
In base 4, what is 120131102223 + 13?
120131102302
In base 10, what is -971 + 9148?
8177
In base 7, what is -16544461 + 31?
-16544430
In base 13, what is 2 - -4a2cb518?
4a2cb51a
In base 11, what is -2a3 + -166831?
-167024
In base 11, what is 1 - -a1745249?
a174524a
In base 11, what is -5311 - 63230?
-68541
In base 4, what is 30031110 - -100?
30031210
In base 12, what is -2a718 - -273?
-2a465
In base 11, what is -2017a658 - 1?
-2017a659
In base 5, what is -230 - -422311?
422031
In base 3, what is -210110200122011 + 0?
-210110200122011
In base 16, what is -2ddf2f1 - -4?
-2ddf2ed
In base 2, what is 111010001 + 11001100101110?
11010011111111
In base 4, what is -2 - -11130333233012?
11130333233010
In base 10, what is -693 + 296286?
295593
In base 5, what is 33412 - 3343204?
-3304242
In base 10, what is 6 + -1333109?
-1333103
In base 11, what is 2a86a + 879?
30638
In base 16, what is -1441 + 1736?
2f5
In base 3, what is -100211010012200 + 221?
-100211010011202
In base 12, what is 500379 - 0?
500379
In base 11, what is 2 + -2584791?
-258478a
In base 9, what is 73 - 3641134?
-3641051
In base 5, what is 0 - 232430233?
-232430233
In base 14, what is -24 - -976729?
976705
In base 7, what is 56 - 611006661?
-611006602
In base 15, what is -4caa18 + 21?
-4ca9e7
In base 9, what is 13331176 - -12?
13331188
In base 4, what is -12323 + 1121120220?
1121101231
In base 15, what is 24b2 - -154d9?
1799b
In base 5, what is 21 - 1200322130?
-1200322104
In base 10, what is 49694 - 35?
49659
In base 12, what is -3 + -61a17ba?
-61a1801
In base 11, what is 48700 + 3aa2?
516a2
In base 15, what is -5b23 + -1b55?
-7778
In base 4, what is 21133030003 - -12?
21133030021
In base 9, what is 3 - 148340574?
-148340571
In base 5, what is 3 + 1434130430?
1434130433
In base 4, what is -11 - 1013303313322?
-1013303313333
In base 4, what is -103033 - -121133?
12100
In base 5, what is -103113414 - -343?
-103113021
In base 13, what is 1b648925 - 4?
1b648921
In base 12, what is -2408b - 2b3?
-24382
In base 2, what is 11010010 - -1111100110000?
10000000000010
In base 14, what is 2d0b7d - -10?
2d0b8d
In base 15, what is 10b7303 + -3?
10b7300
In base 16, what is -4d + 5d4cb?
5d47e
In base 16, what is -bd8 - -bc8?
-10
In base 11, what is -22 - -953a3?
95381
In base 2, what is -1101101101 + -1001110111?
-10111100100
In base 4, what is 1 - 3222232210?
-3222232203
In base 9, what is -3 + 712400764?
712400761
In base 5, what is 10 - 12103220330?
-12103220320
In base 16, what is f44 + -2bd?
c87
In base 7, what is -2 - 6526105333?
-6526105335
In base 14, what is 410808 - -2?
41080a
In base 6, what is 2230211022 + -3?
2230211015
In base 6, what is -3203 - 112431?
-120034
In base 13, what is -55a + 10ab?
851
In base 7, what is 16434 + -5122?
11312
In base 14, what is 6a90 + 802?
7492
In base 14, what is -4 - -140b75a?
140b756
In base 10, what is 5310 + 327662?
332972
In base 5, what is -1 + -4201232444?
-4201233000
In base 4, what is 3 + -10020322001?
-10020321332
In base 3, what is 11021 - 101122001020?
-101121212222
In base 7, what is -16550 - 13263?
-33143
In base 14, what is -86b1aa30 - 5?
-86b1aa35
In base 3, what is 1100 - -1222212212001111?
1222212212002211
In base 15, what is 22d8660 - -2?
22d8662
In base 2, what is 10100110111001110 - 11111010110?
10100010111111000
In base 4, what is -111 - 111111100201?
-111111100312
In base 6, what is -2515120 - 1212?
-2520332
In base 3, what is -1201002020011121 - 0?
-1201002020011121
In base 6, what is 13044541315 - -2?
13044541321
In base 8, what is -1564257017 - 4?
-1564257023
In base 13, what is 1 + -1847cbb?
-1847cba
In base 2, what is 1100010001 + 10000010100?
11100100101
In base 2, what is 101101000 - -10100010010000?
10100111111000
In base 11, what is -548 - -30243?
2a7a6
In base 15, what is -51a0d0 - 8?
-51a0d8
In base 15, what is 12 - b6aa35?
-b6aa23
In base 15, what is 525 - 2c1d8?
-2bbb3
In base 5, what is 104024444 - -413?
104030412
In base 14, what is 1d73a60 + 10?
1d73a70
In base 11, what is 4 - 5665294a?
-56652946
In base 6, what is 143115 - 154023?
-10504
In base 7, what is 1043 + 110013?
111056
In base 15, what is -24022b6 + 8?
-24022ad
In base 5, what is -231 + -14421321133?
-14421321414
In base 5, what is -2 + 41142213?
41142211
In base 7, what is -1 - -46516410?
46516406
In base 2, what is -11001100111001001 - -1100101?
-11001100101100100
In base 16, what is -1922ae2 - b?
-1922aed
In base 16, what is 3 - -42cc3?
42cc6
In base 2, what is -101110101111100 + 11110111100?
-101010111000000
In base 12, what is -4 - 699966a?
-6999672
In base 3, what is 111 - 1002110101121?
-1002110101010
In base 3, what is 12201 + -22012200001?
-22012110100
In base 11, what is 569 - 719a1a?
-719461
In base 7, what is 14 + 11405142?
11405156
In base 12, what is 3a763 + 1b?
3a782
In base 9, what is -106381 - 2326?
-108717
In base 5, what is -11110310244432 - 10?
-11110310244442
In base 4, what is 11023000 - -120011?
11203011
In base 5, what is 332 - -1204022?
1204404
In base 4, what is 202 + 1121102223?
1121103031
In base 13, what is -6c753 + 210?
-6c543
In base 7, what is 6233541 - -1?
6233542
In base 4, what is -11 + -2211212123?
-2211212200
In base 6, what is 432032 - 100331?
331301
In base 3, what is -110001202011012 - 12?
-110001202011101
In base 5, what is 3 - 320210032134?
-320210032131
In base 15, what is 219eaa + -4?
219ea6
In base 12, what is bba - -4883?
5881
In base 3, what is -20120 - 220120?
-1011010
In base 16, what is -2372 - ba?
-242c
In base 11, what is 23 + 130549?
130571
In base 7, what is 300 - -52463?
53063
In base 13, what is -18 + 2bcc741?
2bcc726
In base 5, what is -4 + -1220412133?
-1220412142
In base 10, what is -9 + -552549?
-552558
In base 3, what is -22212100022 - -22?
-22212100000
In base 10, what is -14124142 - 6